 9, what is -135168216 + -4?
-135168221
In base 12, what is 62 + 603172?
603214
In base 3, what is 10102210 - 101212010?
-21102100
In base 10, what is -205867 - -842?
-205025
In base 8, what is 105052511 + -2?
105052507
In base 13, what is -5 + -463c94?
-463c99
In base 14, what is -708701a + -3?
-708701d
In base 16, what is 1cc18 + 19?
1cc31
In base 3, what is -12 - 22001012022000?
-22001012022012
In base 11, what is -143276a + 417?
-1432353
In base 6, what is -412340553 - 253?
-412341250
In base 8, what is -3 - -24276266?
24276263
In base 11, what is 2 - 4887451?
-488744a
In base 7, what is 2 + 2356024403?
2356024405
In base 2, what is 110001 + 110110001110110010?
110110001111100011
In base 10, what is 904015 + -11?
904004
In base 15, what is 6be - -4442?
4b11
In base 3, what is -110 + -111012000211012?
-111012000211122
In base 14, what is -299 - -21d3c4?
21d129
In base 14, what is 1c9130a + -8?
1c91302
In base 3, what is 1121202 + -112100211220?
-112022020011
In base 11, what is -93 - -10756?
10673
In base 4, what is 232121 + 10322033?
11220220
In base 4, what is 2321021313021 + 2?
2321021313023
In base 14, what is -1295 + -135d?
-2614
In base 5, what is -20 + -21412301?
-21412321
In base 10, what is 131511941 + 2?
131511943
In base 16, what is -4b - a6d72?
-a6dbd
In base 8, what is 2372 + 423127?
425521
In base 8, what is -275 + 23557?
23262
In base 15, what is 1e6e + 16b6?
3635
In base 9, what is -23531503 + -27?
-23531531
In base 8, what is -65357444 + -22?
-65357466
In base 13, what is 50882c + -b?
508821
In base 3, what is 111022200122 - 2?
111022200120
In base 14, what is -14c4ccca1 + -4?
-14c4ccca5
In base 4, what is 31 + 133212020100?
133212020131
In base 14, what is 7b6db19b - -3?
7b6db1a0
In base 6, what is 1030031 + 453?
1030524
In base 10, what is -197536 + 4612?
-192924
In base 11, what is -39a + 103a24?
103635
In base 2, what is -11001001111 + -111001?
-11010001000
In base 12, what is 17 + -1214ab2?
-1214a97
In base 5, what is 121 + 402413140?
402413311
In base 11, what is 2836a5155 - -3?
2836a5158
In base 7, what is -52650 - 154?
-53134
In base 15, what is e417528 - 8?
e417520
In base 5, what is -11211404134 + -110?
-11211404244
In base 13, what is 3 - -1b840a?
1b8410
In base 15, what is 113ee1 - 57?
113e89
In base 14, what is 392d3cd7 + 3?
392d3cda
In base 16, what is 65 + 4b958?
4b9bd
In base 10, what is 9440 + 17599?
27039
In base 6, what is 12551 - 1124210?
-1111215
In base 6, what is 1 - -12425405010?
12425405011
In base 11, what is -22618761 + -1?
-22618762
In base 2, what is -1 + -10011000010100110110111?
-10011000010100110111000
In base 15, what is 13593 - eb?
13497
In base 10, what is -5 - -10987112?
10987107
In base 3, what is -2010221 - 2202021?
-11220012
In base 12, what is -850b + -405?
-8914
In base 15, what is -12c9 - 186?
-1460
In base 2, what is 10101001011001111011101110011 - 101?
10101001011001111011101101110
In base 15, what is 2131bab + -1?
2131baa
In base 15, what is -3 + 88bac8?
88bac5
In base 15, what is 2d7 - -98?
380
In base 14, what is -38d6837 - 0?
-38d6837
In base 8, what is 5731 + 1173?
7124
In base 16, what is 108 - 2a5d?
-2955
In base 3, what is -1120002221212220 + 10?
-1120002221212210
In base 11, what is 167600721 - -1?
167600722
In base 4, what is -2 - 11002230332331?
-11002230332333
In base 12, what is 1 - -1948bbaa?
1948bbab
In base 7, what is -55354 - 543?
-56230
In base 2, what is -11111011 + 1001111100011100?
1001111000100001
In base 11, what is -4859888a + -4?
-48598893
In base 15, what is 1a - 49129?
-4910e
In base 9, what is -824053838 - 5?
-824053844
In base 6, what is -233 + -1141005424?
-1141010101
In base 11, what is -175a716 + -2?
-175a718
In base 14, what is 25 + -16c92a?
-16c905
In base 15, what is 10b6b9 - 3d?
10b67b
In base 14, what is -208 - 81073?
-8127b
In base 12, what is 208 - -4b63?
516b
In base 3, what is 221 - -120212100020020?
120212100021011
In base 14, what is -ba4904 - 16?
-ba491a
In base 10, what is 6190506 + 5?
6190511
In base 9, what is 27826551 - -53?
27826614
In base 3, what is -222110110 - -11011?
-222022022
In base 7, what is 16 - 205412254?
-205412235
In base 16, what is -3 - 23b62ce?
-23b62d1
In base 16, what is 59 + 13e1c3?
13e21c
In base 12, what is -2836 + 11a9?
-1649
In base 13, what is 7bb035 + -2?
7bb033
In base 10, what is -1429968 - 34?
-1430002
In base 2, what is 111000011 + -10110011111?
-1111011100
In base 7, what is 11036 + 62612?
103651
In base 16, what is 1d31f44 - -2?
1d31f46
In base 13, what is -8142 + -839c?
-13511
In base 2, what is -11110011011000 - 11111000011001?
-111101011110001
In base 11, what is -52 + 286a597?
286a545
In base 11, what is -11 + -523495?
-5234a6
In base 13, what is 1 + 1b7cb91?
1b7cb92
In base 16, what is -35be14 + -e?
-35be22
In base 10, what is 3 - -1245050?
1245053
In base 8, what is -204 - -30415323?
30415117
In base 7, what is 2221365516 + -4?
2221365512
In base 4, what is -311302111323 - -10?
-311302111313
In base 5, what is 11022224 - -3220?
11030444
In base 9, what is 14 - -705603?
705617
In base 10, what is 115353307 + 4?
115353311
In base 4, what is 1123231131233 - 11?
1123231131222
In base 8, what is -7 - 16474621?
-16474630
In base 15, what is -4 - -1e2d?
1e29
In base 3, what is -12102 - -12000020100222?
12000020011120
In base 14, what is 7ddb3b8 - 4?
7ddb3b4
In base 14, what is -2282 - -4b5b?
28b9
In base 7, what is -164 - 500300?
-500464
In base 3, what is -11110 - 101002000002002?
-101002000020112
In base 12, what is -163a + -70b?
-2149
In base 11, what is -1081 + 112a53?
111982
In base 8, what is 3375 - 4721?
-1324
In base 16, what is -a62c + 1bc?
-a470
In base 15, what is cb57 - -1199?
dd01
In base 14, what is -12837 - 60?
-12897
In base 12, what is -13ba04 - 7a9?
-1405b1
In base 5, what is -124 + -323143320?
-323143444
In base 6, what is -22403445 + 512?
-22402533
In base 4, what is -10123100323 + -101012?
-10123202001
In base 12, what is -2 - -156a936b?
156a9369
In base 6, what is 240 + -15133105?
-15132425
In base 13, what is 1995 - b6?
18ac
In base 3, what is -111 + -2212100211212?
-2212100212100
In base 12, what is a668 + -1567?
9101
In base 5, what is -4140 - 33103432?
-33113122
In base 3, what is 10 - 212120001011011?
-212120001011001
In base 2, what is 110001011 - 10001000111000?
-10000010101101
In base 12, what is 230a575 - 2?
230a573
In base 11, what is -4674 - 15105?
-19779
In base 11, what is 1472 - -12184?
13646
In base 11, what is 1 + -a295a01?
-a295a00
In base 5, what is 0 - 3222400333?
-3222400333
In base 12, what is 333a176 - 2?
333a174
In base 3, what is 101021 - 1202101110?
-1202000012
In base 2, what is 1111001101011001 + 1100001000?
1111011001100001
In base 7, what is 6 - 103024116?
-103024110
In base 9, what is -2107478 - 0?
-2107478
In base 11, what is 49 + -a5108?
-a506a
In base 16, what is -2adfa83 - -2?
-2adfa81
In base 15, what is 59479d + -7?
594796
In base 9, what is 1531 + 236438?
238070
In base 5, what is -1143 - -12121342?
12120144
In base 5, what is -1 - 24210022020?
-24210022021
In base 3, what is -212121000 - -120222211?
-21121012
In base 7, what is -2 + 445502116?
445502114
In base 7, what is 234 - -12052?
12316
In base 7, what is -21141514 - 36?
-21141553
In base 16, what is -d4a1a6 + 1?
-d4a1a5
In base 15, what is -10 + -4b8c2?
-4b8d2
In base 5, what is 20 - -23001111122?
23001111142
In base 7, what is -1 - 161642623?
-161642624
In base 13, what is 19 - 28ac6b0?
-28ac694
In base 7, what is -11165 + -12161?
-23356
In base 2, what is 11010011100001 - 101110011000?
10100101001001
In base 2, what is 100101100101100011000 + 100110011?
100101100110001001011
In base 13, what is 19 + 34cc?
3518
In base 6, what is 1422242 - 4?
1422234
In base 6, what is 0 + -23330551?
-23330551
In base 8, what is -165 - -12041426?
12041241
In base 6, what is -11010 + -210120?
-221130
In base 5, what is -44232 - -32420?
-11312
In base 13, what is -25099 - -1b3?
-24bb6
In base 11, what is 96356 + -11?
96345
In base 8, what is 201276 + 7510?
211006
In base 2, what is -10000001101000110110000110 + -1?
-10000001101000110110000111
In base 9, what is -57728554 + -54?
-57728618
In base 4, what is 322 + 20121330?
20122312
In base 10, what is 3 + 9981931?
9981934
In base 2, what is 1 + 101001